prime factors of (r/(-6))/(s/(-27))?
2, 3
Let s(h) = 3*h**2 - h. Let i be s(-1). List the prime factors of (i - 12)*-1*3.
2, 3
Let v = 248 + -139. What are the prime factors of v?
109
Let d = 615 - 207. List the prime factors of d.
2, 3, 17
Let n(m) be the third derivative of m**6/120 + m**5/20 + m**4/12 - m**3/3 + 2*m**2. Let r be n(-2). What are the prime factors of -6*(r + -1 + 1)?
2, 3
Suppose 0 = -3*v + 2*l + 3*l + 70, 0 = -2*l + 2. List the prime factors of v.
5
Let s(z) = 2*z**3 + 21*z**2 + 9*z - 16. Let t(v) = v**3 + 10*v**2 + 4*v - 8. Let m(y) = -4*s(y) + 9*t(y). List the prime factors of m(-4).
2, 3
Suppose 2*g - 2*b = 46 + 12, 0 = 5*g + 4*b - 181. List the prime factors of g.
3, 11
Suppose 25 = -3*z + 10. List the prime factors of (-120)/25*(0 + z).
2, 3
Let i(f) = -f**3 + f - 2. Let u be i(-2). Suppose -4*m = -6*m - 2*g + 12, 0 = 2*m + u*g - 6. List the prime factors of m.
3
Suppose -2*y + 6*y - 5*u = -4, -y = -4*u - 10. Let d(s) = -s**3 - 5*s**2 - s - 8. Let z be d(y). Let q = -22 + z. List the prime factors of q.
2, 3
Let f(n) be the second derivative of -n**5/20 - n**4/3 - n**3 - 5*n**2/2 - 3*n. List the prime factors of f(-4).
19
Let k = 37 + -15. What are the prime factors of k?
2, 11
Suppose -3*x + 3*n = 2 + 1, 4*x - 2*n + 4 = 0. Let o = x + 4. Suppose 0 = 5*b + 3*j + j - 15, -o*b - 5*j = 4. What are the prime factors of b?
7
Let w = -78 - -150. Suppose 3*h + w = 7*h. List the prime factors of h.
2, 3
Suppose 94 = 4*t - 502. List the prime factors of t.
149
List the prime factors of (-2)/(((-1)/(-4))/(58/(-8))).
2, 29
Suppose -72 = -a + 5*a. Let u = 57 + a. What are the prime factors of u?
3, 13
Let z be 1*(-3 - (-3 - 3)). Suppose -g + z*d + 16 = -0*d, 4*g - 47 = -5*d. What are the prime factors of g?
13
Suppose -4*d + 44 = 4*y, -y + 16 + 51 = 5*d. List the prime factors of d.
2, 7
Suppose 44 - 152 = -3*t. Suppose -12 = -3*s + 2*s - 4*p, t = 3*s + 5*p. What are the prime factors of s?
2, 3
Let u(n) = 102*n - 9. What are the prime factors of u(2)?
3, 5, 13
Let d(s) = 8*s**2 - 2*s + 4. List the prime factors of d(-3).
2, 41
Let o = 15 - 9. Suppose -o*s = -s - 110. Suppose -3*a + s = -a. List the prime factors of a.
11
Let i(b) be the third derivative of b**4/12 + 5*b**2. What are the prime factors of i(1)?
2
Let u be (-3)/(6/(-2)) - -2. Suppose 0*v = -v + u. List the prime factors of v.
3
Suppose -2*n + 0*n - 3*h + 5 = 0, 4*n - 3 = h. Suppose -4*v = -n + 5. Let x = 3 - v. List the prime factors of x.
2
Suppose 0 = 4*i - 11 - 9. Suppose m - 5 = 0, 5*f = -0*m + 4*m - i. List the prime factors of f.
3
Let a be ((-1)/(-3))/(1/3). Let i(x) = -4 + 18*x + 6 - 2 + 1. List the prime factors of i(a).
19
Suppose -r = -3*l + 12, 2*r - 3*r + 3 = 0. Suppose -5*d - 85 = l*k, 1 = 4*d - 4*k + 29. Let h = -5 - d. What are the prime factors of h?
7
Let b = -15 - -56. What are the prime factors of b?
41
Let t(d) be the second derivative of -d**4/12 + 2*d**3/3 + d**2 - 3*d. Let r(z) be the first derivative of t(z). What are the prime factors of r(-5)?
2, 7
Suppose -3*v = -3*f - 1098, -3*v + 6*v - f = 1090. What are the prime factors of v?
2, 181
Let n(r) = -11*r**3 - 13*r**2 - 18*r + 14. Let d(m) = 7*m**3 + 9*m**2 + 12*m - 9. Let i(t) = -8*d(t) - 5*n(t). List the prime factors of i(-6).
2
Suppose -2*a - 3*v = -29, 5*v + 0 + 3 = -a. Let i(k) = k**3 - 5*k**2 - 3*k - 2. Let z be i(6). Let t = a - z. List the prime factors of t.
2, 3
Let k = 59 + -52. List the prime factors of k.
7
Suppose 4*z = -0*z + 48. Suppose -2*m = 2*m. Suppose -i + 2*f = -m*i - 3, 4*i - z = -f. List the prime factors of i.
3
Let c be (-6)/(0 - (-6)/(-8)). Suppose 4*h - 5*h = 2*l - c, 3*h = -5*l + 21. Let g = 4 + l. List the prime factors of g.
7
Let y = 443 + -248. Suppose -5*b + l + y = 6*l, -3*l - 135 = -3*b. What are the prime factors of b?
2, 3, 7
Let r be (-4)/((-3)/(-45)*-1). Let j = -11 + 15. What are the prime factors of (j/10)/(2/r)?
2, 3
Let w(r) = r**3 + r + 5. Let b be w(0). Suppose -2*j + 0 + 8 = 0. Suppose q - b*i = -j, 0 - 16 = -4*q + 4*i. List the prime factors of q.
2, 3
Let g(s) = -33*s + 9. Let z be g(-6). Suppose -z = -5*m - 57. List the prime factors of m.
2, 3, 5
Suppose -2*b + 6*b - 144 = 0. List the prime factors of b.
2, 3
Let h(t) = -t**2 + 10*t + 3. Let a(k) = -4*k**2 + 41*k + 12. Let z(q) = -2*a(q) + 9*h(q). List the prime factors of z(7).
2, 5
Let z(b) be the third derivative of -b**5/60 + b**4/24 - b**3/6 - 2*b**2. Let g be z(-4). Let n = -15 - g. List the prime factors of n.
2, 3
Let f be (-4)/(-6) - (-2)/(-3). Let s be 48/(2 + -1 - f). Suppose 5*b - n = 19 + s, -5*b = 5*n - 55. List the prime factors of b.
13
Let o be (-6 + 16)*(-2)/(-4). Suppose 3*l = -4*i + 63, l - o*l - 12 = 0. List the prime factors of i.
2, 3
Let k(m) = 9*m**2 - 3*m + 1. Let t be k(2). Let p be 130/3 + 1/(-3). Let v = p - t. What are the prime factors of v?
2, 3
Suppose 0 = q - 9 - 48. Suppose q = 5*x + 17. List the prime factors of x.
2
What are the prime factors of 54 - -3*(-1)/((-9)/(-6))?
2, 13
Let k be 2*(-2)/(-8)*10. Suppose 5*g + k = -0. List the prime factors of (9*g)/3 + 9.
2, 3
Suppose -20 = -3*s - 2*w, -4 = 2*s - 4*w + 4. Let a = 9 + s. What are the prime factors of a?
13
Let w(x) = -x**3 + 12*x**2 - 8*x - 1. What are the prime factors of w(11)?
2
Suppose -3*j + 11 = -1. Suppose 0 = -0*p - 2*p - 3*k - 11, -4*p = -k + 15. List the prime factors of 6/j - 2/p.
2
Suppose 5*u - 2*u + 9 = -4*r, -5*u = 4*r + 7. What are the prime factors of (33/22)/(r/(-32))?
2
Let i(z) = 24*z**3 + z**2. What are the prime factors of i(1)?
5
Suppose o - 4*o = -9. Suppose -u + o = 8. Let f(k) = -k**3 - 6*k**2 - 8*k - 7. List the prime factors of f(u).
2
Let v(o) be the second derivative of o**3/2 + 3*o**2/2 - 4*o. Suppose x + 4*x - 10 = -2*b, 0 = -4*b - 20. List the prime factors of v(x).
3, 5
Let z(d) = d**3 - 6*d**2 + 2. Let g be z(6). Suppose 3*o - 7*o = -20. Suppose -o*i = -b - 37, g*i + 3*b = 13 + 12. List the prime factors of i.
2
Suppose 3*n - 20 = -5*z, -6*n - 5*z = -5*n - 20. List the prime factors of n + -3 - -3 - -7.
7
What are the prime factors of (2 - (16 - -1))*(-576)/80?
2, 3
Let k = 28 - -28. Suppose -49 = -2*v + 3*r, -k - 15 = -3*v + 5*r. What are the prime factors of v?
2
Suppose -3*a + 0*d + 166 = -2*d, 2*a = -5*d + 79. Let z = 153 - a. Suppose -z + 32 = -3*o. What are the prime factors of o?
23
Let o(w) = 2*w**2 - 2*w - 1. Suppose 2 = -l + 2*l - 3*y, -4*l = -3*y + 1. What are the prime factors of o(l)?
3
Suppose -7 = -5*s - 2, s + 131 = 3*i. What are the prime factors of 1192/22 + (-8)/i?
2, 3
Let i(a) = a**3 - 10*a**2 - 5. Let w be i(10). Let s be (-10)/(-4)*(-42)/w. Suppose 6*h + 2*z = h + s, h - 4*z = 13. List the prime factors of h.
5
Let g = -4 + 6. Suppose -h = g*h - 6. What are the prime factors of h*(22/4 - 0)?
11
Suppose -2*h + h = 3*m - 35, 5*m + 3*h = 65. Let w(k) = k**3 - 9*k**2 - 4*k - 4. What are the prime factors of w(m)?
2, 7
Suppose 0 = 4*h - 5*h - 4. Let q be (-3)/(2/(h/(-3))). List the prime factors of 22*1 + q/1.
2, 5
Let z = -105 - -157. What are the prime factors of z?
2, 13
Let t = 28 + -20. Let l = -1 + t. List the prime factors of l.
7
Let k(u) = 35*u**2 + 1. List the prime factors of k(1).
2, 3
Suppose 168 = 3*l + 30. Let v = -27 - 5. Let k = v + l. What are the prime factors of k?
2, 7
Let a(y) = 2*y - 6. Let r be a(4). Let s(h) = -h**3 + 4*h**2 + h - 4. Let n be s(4). Let i = r + n. What are the prime factors of i?
2
Suppose 0 = 2*d - 4*q - 804, -4*q = 3*d - 6*d + 1198. What are the prime factors of d?
2, 197
Suppose -4*n = 3*d - 46, -n + 3*n = d - 22. Suppose 0 = -u, 0 = 5*a + 5*u - 2 - d. What are the prime factors of a?
2
Suppose 4*q - 139 = -3*x, 3*x - 2 = 13. What are the prime factors of q?
31
Suppose -31*j = -28*j - 33. List the prime factors of j.
11
Let x be (4/(-12))/(1/(-78)). Let n = 47 - x. List the prime factors of n.
3, 7
Suppose 4*i = 2*t - 8, i = 2*t - 7*t - 24. Let s be (-20)/i + 1 + 0. Suppose -3*f = 0, 5*g - 4*g - s = -3*f. List the prime factors of g.
2, 3
Let i be (-40)/(-6) - 2/3. Suppose 2*s - 3*s = -i. List the prime factors of s.
2, 3
What are the prime factors of (35 + 6)*(0 + 1 - 0)?
41
Suppose 0 = -5*a - 190 + 490. Let s be a/14 + 4/(-14). Suppose -2*r = -s*r + 4. List the prime factors of r.
2
Let j(c) = -c*